[INFO] cloning repository https://github.com/yeliknewo/rust-smooth_voxel
[INFO] running `Command { std: "git" "-c" "credential.helper=" "-c" "credential.helper=/workspace/cargo-home/bin/git-credential-null" "clone" "--bare" "https://github.com/yeliknewo/rust-smooth_voxel" "/workspace/cache/git-repos/https%3A%2F%2Fgithub.com%2Fyeliknewo%2Frust-smooth_voxel", kill_on_drop: false }`
[INFO] [stderr] Cloning into bare repository '/workspace/cache/git-repos/https%3A%2F%2Fgithub.com%2Fyeliknewo%2Frust-smooth_voxel'...
[INFO] running `Command { std: "git" "rev-parse" "HEAD", kill_on_drop: false }`
[INFO] [stdout] eb2504b6490db19f9137798863c08b41ff4f1b38
[INFO] checking yeliknewo/rust-smooth_voxel against try#72f88fc4e9458f89516a0b8b0868f3718aec5b47 for pr-74989
[INFO] running `Command { std: "git" "clone" "/workspace/cache/git-repos/https%3A%2F%2Fgithub.com%2Fyeliknewo%2Frust-smooth_voxel" "/workspace/builds/worker-2/source", kill_on_drop: false }`
[INFO] [stderr] Cloning into '/workspace/builds/worker-2/source'...
[INFO] [stderr] done.
[INFO] validating manifest of git repo https://github.com/yeliknewo/rust-smooth_voxel on toolchain 72f88fc4e9458f89516a0b8b0868f3718aec5b47
[INFO] running `Command { std: "/workspace/cargo-home/bin/cargo" "+72f88fc4e9458f89516a0b8b0868f3718aec5b47" "read-manifest" "--manifest-path" "Cargo.toml", kill_on_drop: false }`
[INFO] started tweaking git repo https://github.com/yeliknewo/rust-smooth_voxel
[INFO] finished tweaking git repo https://github.com/yeliknewo/rust-smooth_voxel
[INFO] tweaked toml for git repo https://github.com/yeliknewo/rust-smooth_voxel written to /workspace/builds/worker-2/source/Cargo.toml
[INFO] crate git repo https://github.com/yeliknewo/rust-smooth_voxel already has a lockfile, it will not be regenerated
[INFO] running `Command { std: "/workspace/cargo-home/bin/cargo" "+72f88fc4e9458f89516a0b8b0868f3718aec5b47" "fetch" "--locked" "--manifest-path" "Cargo.toml", kill_on_drop: false }`
[INFO] [stderr] error: the lock file /workspace/builds/worker-2/source/Cargo.lock needs to be updated but --locked was passed to prevent this
[INFO] [stderr] If you want to try to generate the lock file without accessing the network, use the --offline flag.
[INFO] the lockfile is outdated, regenerating it
[INFO] running `Command { std: "/workspace/cargo-home/bin/cargo" "+72f88fc4e9458f89516a0b8b0868f3718aec5b47" "generate-lockfile" "--manifest-path" "Cargo.toml" "-Zno-index-update", kill_on_drop: false }`
[INFO] running `Command { std: "/workspace/cargo-home/bin/cargo" "+72f88fc4e9458f89516a0b8b0868f3718aec5b47" "fetch" "--locked" "--manifest-path" "Cargo.toml", kill_on_drop: false }`
[INFO] [stderr]  Downloading crates ...
[INFO] [stderr]   Downloaded time v0.2.19
[INFO] [stderr]   Downloaded const_fn v0.4.2
[INFO] running `Command { std: "docker" "create" "-v" "/var/lib/crater-agent-workspace/builds/worker-2/target:/opt/rustwide/target:rw,Z" "-v" "/var/lib/crater-agent-workspace/builds/worker-2/source:/opt/rustwide/workdir:ro,Z" "-v" "/var/lib/crater-agent-workspace/cargo-home:/opt/rustwide/cargo-home:ro,Z" "-v" "/var/lib/crater-agent-workspace/rustup-home:/opt/rustwide/rustup-home:ro,Z" "-e" "SOURCE_DIR=/opt/rustwide/workdir" "-e" "CARGO_TARGET_DIR=/opt/rustwide/target" "-e" "CARGO_HOME=/opt/rustwide/cargo-home" "-e" "RUSTUP_HOME=/opt/rustwide/rustup-home" "-w" "/opt/rustwide/workdir" "-m" "1610612736" "--user" "0:0" "--network" "none" "rustops/crates-build-env@sha256:d92eaeed33fa75130ca1ee6c8a01d1ffb62bac859dfdfb3450e3e5d1c0146529" "/opt/rustwide/cargo-home/bin/cargo" "+72f88fc4e9458f89516a0b8b0868f3718aec5b47" "metadata" "--no-deps" "--format-version=1", kill_on_drop: false }`
[INFO] [stderr] WARNING: Your kernel does not support swap limit capabilities or the cgroup is not mounted. Memory limited without swap.
[INFO] [stdout] cfeadde3f0e4ad3b72d537a2da8ebb9d9c7a03bc39d3e49a7c07d3ce862389b0
[INFO] running `Command { std: "docker" "start" "-a" "cfeadde3f0e4ad3b72d537a2da8ebb9d9c7a03bc39d3e49a7c07d3ce862389b0", kill_on_drop: false }`
[INFO] running `Command { std: "docker" "inspect" "cfeadde3f0e4ad3b72d537a2da8ebb9d9c7a03bc39d3e49a7c07d3ce862389b0", kill_on_drop: false }`
[INFO] running `Command { std: "docker" "rm" "-f" "cfeadde3f0e4ad3b72d537a2da8ebb9d9c7a03bc39d3e49a7c07d3ce862389b0", kill_on_drop: false }`
[INFO] [stdout] cfeadde3f0e4ad3b72d537a2da8ebb9d9c7a03bc39d3e49a7c07d3ce862389b0
[INFO] running `Command { std: "docker" "create" "-v" "/var/lib/crater-agent-workspace/builds/worker-2/target:/opt/rustwide/target:rw,Z" "-v" "/var/lib/crater-agent-workspace/builds/worker-2/source:/opt/rustwide/workdir:ro,Z" "-v" "/var/lib/crater-agent-workspace/cargo-home:/opt/rustwide/cargo-home:ro,Z" "-v" "/var/lib/crater-agent-workspace/rustup-home:/opt/rustwide/rustup-home:ro,Z" "-e" "SOURCE_DIR=/opt/rustwide/workdir" "-e" "CARGO_TARGET_DIR=/opt/rustwide/target" "-e" "CARGO_INCREMENTAL=0" "-e" "RUST_BACKTRACE=full" "-e" "RUSTFLAGS=--cap-lints=forbid" "-e" "CARGO_HOME=/opt/rustwide/cargo-home" "-e" "RUSTUP_HOME=/opt/rustwide/rustup-home" "-w" "/opt/rustwide/workdir" "-m" "1610612736" "--user" "0:0" "--network" "none" "rustops/crates-build-env@sha256:d92eaeed33fa75130ca1ee6c8a01d1ffb62bac859dfdfb3450e3e5d1c0146529" "/opt/rustwide/cargo-home/bin/cargo" "+72f88fc4e9458f89516a0b8b0868f3718aec5b47" "check" "--frozen" "--all" "--all-targets" "--message-format=json", kill_on_drop: false }`
[INFO] [stdout] fc1a5b218d61e4b2583a1a40f141bf55c3841085c2b9d0f1d1217f59adbb2b7d
[INFO] [stderr] WARNING: Your kernel does not support swap limit capabilities or the cgroup is not mounted. Memory limited without swap.
[INFO] running `Command { std: "docker" "start" "-a" "fc1a5b218d61e4b2583a1a40f141bf55c3841085c2b9d0f1d1217f59adbb2b7d", kill_on_drop: false }`
[INFO] [stderr]    Compiling libc v0.2.77
[INFO] [stderr]    Compiling log v0.4.11
[INFO] [stderr]    Compiling xml-rs v0.8.3
[INFO] [stderr]    Compiling autocfg v1.0.1
[INFO] [stderr]     Checking cfg-if v0.1.10
[INFO] [stderr]    Compiling unicode-xid v0.1.0
[INFO] [stderr]    Compiling khronos_api v3.1.0
[INFO] [stderr]    Compiling libloading v0.6.3
[INFO] [stderr]    Compiling nix v0.14.1
[INFO] [stderr]     Checking slab v0.4.2
[INFO] [stderr]     Checking void v1.0.2
[INFO] [stderr]    Compiling version_check v0.9.2
[INFO] [stderr]     Checking lazycell v1.3.0
[INFO] [stderr]    Compiling proc-macro2 v1.0.21
[INFO] [stderr]    Compiling maybe-uninit v2.0.0
[INFO] [stderr]    Compiling pkg-config v0.3.18
[INFO] [stderr]    Compiling unicode-xid v0.2.1
[INFO] [stderr]     Checking same-file v1.0.6
[INFO] [stderr]     Checking downcast-rs v1.2.0
[INFO] [stderr]     Checking scopeguard v1.1.0
[INFO] [stderr]    Compiling syn v1.0.41
[INFO] [stderr]    Compiling cc v1.0.59
[INFO] [stderr]     Checking smallvec v1.4.2
[INFO] [stderr]     Checking xdg v2.2.0
[INFO] [stderr]    Compiling const_fn v0.4.2
[INFO] [stderr]     Checking gimli v0.22.0
[INFO] [stderr]     Checking instant v0.1.6
[INFO] [stderr]     Checking adler v0.2.3
[INFO] [stderr]    Compiling proc-macro-hack v0.5.18
[INFO] [stderr]     Checking object v0.20.0
[INFO] [stderr]     Checking rustc-demangle v0.1.16
[INFO] [stderr]     Checking fnv v1.0.7
[INFO] [stderr]     Checking takeable-option v0.5.0
[INFO] [stderr]     Checking lock_api v0.3.4
[INFO] [stderr]     Checking walkdir v2.3.1
[INFO] [stderr]    Compiling proc-macro2 v0.4.30
[INFO] [stderr]    Compiling standback v0.2.10
[INFO] [stderr]    Compiling time v0.2.19
[INFO] [stderr]    Compiling num-traits v0.2.12
[INFO] [stderr]    Compiling miniz_oxide v0.4.2
[INFO] [stderr]    Compiling memoffset v0.5.5
[INFO] [stderr]     Checking stb_truetype v0.3.1
[INFO] [stderr]     Checking dlib v0.4.2
[INFO] [stderr]    Compiling gl_generator v0.14.0
[INFO] [stderr]     Checking wayland-sys v0.23.6
[INFO] [stderr]    Compiling x11-dl v2.18.5
[INFO] [stderr]    Compiling quote v0.6.13
[INFO] [stderr]    Compiling wayland-scanner v0.23.6
[INFO] [stderr]    Compiling quote v1.0.7
[INFO] [stderr]     Checking net2 v0.2.35
[INFO] [stderr]     Checking iovec v0.1.4
[INFO] [stderr]     Checking memmap v0.7.0
[INFO] [stderr]     Checking parking_lot_core v0.7.2
[INFO] [stderr]     Checking shared_library v0.1.9
[INFO] [stderr]     Checking raw-window-handle v0.3.3
[INFO] [stderr]     Checking mio v0.6.22
[INFO] [stderr]     Checking osmesa-sys v0.1.2
[INFO] [stderr]     Checking parking_lot v0.10.2
[INFO] [stderr]     Checking ordered-float v1.1.0
[INFO] [stderr]     Checking approx v0.3.2
[INFO] [stderr]     Checking line_drawing v0.7.0
[INFO] [stderr]    Compiling libloading v0.5.2
[INFO] [stderr]     Checking rusttype v0.8.3
[INFO] [stderr]    Compiling glutin_egl_sys v0.1.5
[INFO] [stderr]    Compiling glutin_glx_sys v0.1.7
[INFO] [stderr]    Compiling glium v0.27.0
[INFO] [stderr]     Checking mio-extras v2.0.6
[INFO] [stderr]     Checking rusttype v0.7.9
[INFO] [stderr]     Checking andrew v0.2.1
[INFO] [stderr]    Compiling wayland-client v0.23.6
[INFO] [stderr]    Compiling wayland-protocols v0.23.6
[INFO] [stderr]     Checking addr2line v0.13.0
[INFO] [stderr]     Checking backtrace v0.3.50
[INFO] [stderr]     Checking calloop v0.4.4
[INFO] [stderr]     Checking wayland-commons v0.23.6
[INFO] [stderr]    Compiling time-macros-impl v0.1.1
[INFO] [stderr]     Checking time-macros v0.1.0
[INFO] [stderr]     Checking smithay-client-toolkit v0.6.6
[INFO] [stderr]     Checking winit v0.22.2
[INFO] [stderr]     Checking glutin v0.24.1
[INFO] [stderr]     Checking voxel v0.1.0 (/opt/rustwide/workdir)
[INFO] [stdout] error[E0432]: unresolved import `glium::DisplayBuild`
[INFO] [stdout]  --> src/main.rs:7:13
[INFO] [stdout]   |
[INFO] [stdout] 7 | use glium::{DisplayBuild, Surface, Frame};
[INFO] [stdout]   |             ^^^^^^^^^^^^ no `DisplayBuild` in the root
[INFO] [stdout] 
[INFO] [stdout] 
[INFO] [stdout] error[E0432]: unresolved import `glium::backend::glutin_backend`
[INFO] [stdout]  --> src/main.rs:8:21
[INFO] [stdout]   |
[INFO] [stdout] 8 | use glium::backend::glutin_backend::{WinRef, GlutinFacade};
[INFO] [stdout]   |                     ^^^^^^^^^^^^^^ could not find `glutin_backend` in `backend`
[INFO] [stdout] 
[INFO] [stdout] 
[INFO] [stdout] error[E0432]: unresolved import `glium::DisplayBuild`
[INFO] [stdout]  --> src/main.rs:7:13
[INFO] [stdout]   |
[INFO] [stdout] 7 | use glium::{DisplayBuild, Surface, Frame};
[INFO] [stdout]   |             ^^^^^^^^^^^^ no `DisplayBuild` in the root
[INFO] [stdout] 
[INFO] [stdout] 
[INFO] [stdout] error[E0432]: unresolved import `glium::backend::glutin_backend`
[INFO] [stdout]  --> src/main.rs:8:21
[INFO] [stdout]   |
[INFO] [stdout] 8 | use glium::backend::glutin_backend::{WinRef, GlutinFacade};
[INFO] [stdout]   |                     ^^^^^^^^^^^^^^ could not find `glutin_backend` in `backend`
[INFO] [stdout] 
[INFO] [stdout] 
[INFO] [stdout] error[E0433]: failed to resolve: could not find `ElementState` in `glutin`
[INFO] [stdout]   --> src/main.rs:31:36
[INFO] [stdout]    |
[INFO] [stdout] 31 |             None => glium::glutin::ElementState::Released,
[INFO] [stdout]    |                                    ^^^^^^^^^^^^ could not find `ElementState` in `glutin`
[INFO] [stdout] 
[INFO] [stdout] 
[INFO] [stdout] error[E0433]: failed to resolve: could not find `ElementState` in `glutin`
[INFO] [stdout]   --> src/main.rs:31:36
[INFO] [stdout]    |
[INFO] [stdout] 31 |             None => glium::glutin::ElementState::Released,
[INFO] [stdout]    |                                    ^^^^^^^^^^^^ could not find `ElementState` in `glutin`
[INFO] [stdout] 
[INFO] [stdout] 
[INFO] [stdout] error[E0433]: failed to resolve: could not find `CursorState` in `glutin`
[INFO] [stdout]    --> src/main.rs:138:50
[INFO] [stdout]     |
[INFO] [stdout] 138 |     match window.set_cursor_state(glium::glutin::CursorState::Grab){
[INFO] [stdout]     |                                                  ^^^^^^^^^^^ could not find `CursorState` in `glutin`
[INFO] [stdout] 
[INFO] [stdout] 
[INFO] [stdout] error[E0433]: failed to resolve: could not find `Event` in `glutin`
[INFO] [stdout]    --> src/main.rs:298:36
[INFO] [stdout]     |
[INFO] [stdout] 298 |                     glium::glutin::Event::Resized(x,y) => { //the window was resized
[INFO] [stdout]     |                                    ^^^^^ could not find `Event` in `glutin`
[INFO] [stdout] 
[INFO] [stdout] 
[INFO] [stdout] error[E0433]: failed to resolve: could not find `Event` in `glutin`
[INFO] [stdout]    --> src/main.rs:309:36
[INFO] [stdout]     |
[INFO] [stdout] 309 |                     glium::glutin::Event::MouseMoved(coords) => { //the mouse was moved on the window
[INFO] [stdout]     |                                    ^^^^^ could not find `Event` in `glutin`
[INFO] [stdout] 
[INFO] [stdout] 
[INFO] [stdout] error[E0433]: failed to resolve: could not find `Event` in `glutin`
[INFO] [stdout]    --> src/main.rs:321:36
[INFO] [stdout]     |
[INFO] [stdout] 321 |                     glium::glutin::Event::Closed => return,   // the window has been closed by the user
[INFO] [stdout]     |                                    ^^^^^ could not find `Event` in `glutin`
[INFO] [stdout] 
[INFO] [stdout] 
[INFO] [stdout] error[E0433]: failed to resolve: could not find `Event` in `glutin`
[INFO] [stdout]    --> src/main.rs:322:36
[INFO] [stdout]     |
[INFO] [stdout] 322 |                     glium::glutin::Event::Focused(is_focused) => { // the window gained or lost focus
[INFO] [stdout]     |                                    ^^^^^ could not find `Event` in `glutin`
[INFO] [stdout] 
[INFO] [stdout] 
[INFO] [stdout] error[E0433]: failed to resolve: could not find `CursorState` in `glutin`
[INFO] [stdout]    --> src/main.rs:325:74
[INFO] [stdout]     |
[INFO] [stdout] 325 | ...                   match window.set_cursor_state(glium::glutin::CursorState::Grab){
[INFO] [stdout]     |                                                                    ^^^^^^^^^^^ could not find `CursorState` in `glutin`
[INFO] [stdout] 
[INFO] [stdout] 
[INFO] [stdout] error[E0433]: failed to resolve: could not find `CursorState` in `glutin`
[INFO] [stdout]    --> src/main.rs:331:74
[INFO] [stdout]     |
[INFO] [stdout] 331 | ...                   match window.set_cursor_state(glium::glutin::CursorState::Normal){
[INFO] [stdout]     |                                                                    ^^^^^^^^^^^ could not find `CursorState` in `glutin`
[INFO] [stdout] 
[INFO] [stdout] 
[INFO] [stdout] error[E0433]: failed to resolve: could not find `Event` in `glutin`
[INFO] [stdout]    --> src/main.rs:337:36
[INFO] [stdout]     |
[INFO] [stdout] 337 |                     glium::glutin::Event::KeyboardInput(state, _, key) => { // a key has been pressed or released
[INFO] [stdout]     |                                    ^^^^^ could not find `Event` in `glutin`
[INFO] [stdout] 
[INFO] [stdout] 
[INFO] [stdout] error[E0433]: failed to resolve: could not find `VirtualKeyCode` in `glutin`
[INFO] [stdout]    --> src/main.rs:364:47
[INFO] [stdout]     |
[INFO] [stdout] 364 |         match keys.is_key_down(glium::glutin::VirtualKeyCode::Up) {
[INFO] [stdout]     |                                               ^^^^^^^^^^^^^^ could not find `VirtualKeyCode` in `glutin`
[INFO] [stdout] 
[INFO] [stdout] 
[INFO] [stdout] error[E0433]: failed to resolve: could not find `ElementState` in `glutin`
[INFO] [stdout]    --> src/main.rs:365:28
[INFO] [stdout]     |
[INFO] [stdout] 365 |             glium::glutin::ElementState::Pressed => color.0 = 1.0,
[INFO] [stdout]     |                            ^^^^^^^^^^^^ could not find `ElementState` in `glutin`
[INFO] [stdout] 
[INFO] [stdout] 
[INFO] [stdout] error[E0433]: failed to resolve: could not find `VirtualKeyCode` in `glutin`
[INFO] [stdout]    --> src/main.rs:368:47
[INFO] [stdout]     |
[INFO] [stdout] 368 |         match keys.is_key_down(glium::glutin::VirtualKeyCode::Down) {
[INFO] [stdout]     |                                               ^^^^^^^^^^^^^^ could not find `VirtualKeyCode` in `glutin`
[INFO] [stdout] 
[INFO] [stdout] 
[INFO] [stdout] error[E0433]: failed to resolve: could not find `ElementState` in `glutin`
[INFO] [stdout]    --> src/main.rs:369:28
[INFO] [stdout]     |
[INFO] [stdout] 369 |             glium::glutin::ElementState::Pressed => color.1 = 1.0,
[INFO] [stdout]     |                            ^^^^^^^^^^^^ could not find `ElementState` in `glutin`
[INFO] [stdout] 
[INFO] [stdout] 
[INFO] [stdout] error[E0433]: failed to resolve: could not find `VirtualKeyCode` in `glutin`
[INFO] [stdout]    --> src/main.rs:372:47
[INFO] [stdout]     |
[INFO] [stdout] 372 |         match keys.is_key_down(glium::glutin::VirtualKeyCode::Left) {
[INFO] [stdout]     |                                               ^^^^^^^^^^^^^^ could not find `VirtualKeyCode` in `glutin`
[INFO] [stdout] 
[INFO] [stdout] 
[INFO] [stdout] error[E0433]: failed to resolve: could not find `ElementState` in `glutin`
[INFO] [stdout]    --> src/main.rs:373:28
[INFO] [stdout]     |
[INFO] [stdout] 373 |             glium::glutin::ElementState::Pressed => color.2 = 1.0,
[INFO] [stdout]     |                            ^^^^^^^^^^^^ could not find `ElementState` in `glutin`
[INFO] [stdout] 
[INFO] [stdout] 
[INFO] [stdout] error[E0412]: cannot find type `VirtualKeyCode` in crate `glium::glutin`
[INFO] [stdout]   --> src/main.rs:18:34
[INFO] [stdout]    |
[INFO] [stdout] 18 |     keys: HashMap<glium::glutin::VirtualKeyCode, glium::glutin::ElementState>,
[INFO] [stdout]    |                                  ^^^^^^^^^^^^^^ not found in `glium::glutin`
[INFO] [stdout]    |
[INFO] [stdout] help: consider importing this enum
[INFO] [stdout]    |
[INFO] [stdout] 7  | use glium::glutin::event::VirtualKeyCode;
[INFO] [stdout]    |
[INFO] [stdout] 
[INFO] [stdout] 
[INFO] [stdout] error[E0412]: cannot find type `ElementState` in crate `glium::glutin`
[INFO] [stdout]   --> src/main.rs:18:65
[INFO] [stdout]    |
[INFO] [stdout] 18 |     keys: HashMap<glium::glutin::VirtualKeyCode, glium::glutin::ElementState>,
[INFO] [stdout]    |                                                                 ^^^^^^^^^^^^ not found in `glium::glutin`
[INFO] [stdout]    |
[INFO] [stdout] help: consider importing this enum
[INFO] [stdout]    |
[INFO] [stdout] 7  | use glium::glutin::event::ElementState;
[INFO] [stdout]    |
[INFO] [stdout] 
[INFO] [stdout] 
[INFO] [stdout] error[E0412]: cannot find type `VirtualKeyCode` in crate `glium::glutin`
[INFO] [stdout]   --> src/main.rs:28:51
[INFO] [stdout]    |
[INFO] [stdout] 28 |     pub fn is_key_down(&self, key: glium::glutin::VirtualKeyCode) -> glium::glutin::ElementState {
[INFO] [stdout]    |                                                   ^^^^^^^^^^^^^^ not found in `glium::glutin`
[INFO] [stdout]    |
[INFO] [stdout] help: consider importing this enum
[INFO] [stdout]    |
[INFO] [stdout] 7  | use glium::glutin::event::VirtualKeyCode;
[INFO] [stdout]    |
[INFO] [stdout] 
[INFO] [stdout] 
[INFO] [stdout] error[E0412]: cannot find type `ElementState` in crate `glium::glutin`
[INFO] [stdout]   --> src/main.rs:28:85
[INFO] [stdout]    |
[INFO] [stdout] 28 |     pub fn is_key_down(&self, key: glium::glutin::VirtualKeyCode) -> glium::glutin::ElementState {
[INFO] [stdout]    |                                                                                     ^^^^^^^^^^^^ not found in `glium::glutin`
[INFO] [stdout]    |
[INFO] [stdout] help: consider importing this enum
[INFO] [stdout]    |
[INFO] [stdout] 7  | use glium::glutin::event::ElementState;
[INFO] [stdout]    |
[INFO] [stdout] 
[INFO] [stdout] 
[INFO] [stdout] error[E0433]: failed to resolve: could not find `CursorState` in `glutin`
[INFO] [stdout]    --> src/main.rs:138:50
[INFO] [stdout]     |
[INFO] [stdout] 138 |     match window.set_cursor_state(glium::glutin::CursorState::Grab){
[INFO] [stdout]     |                                                  ^^^^^^^^^^^ could not find `CursorState` in `glutin`
[INFO] [stdout] 
[INFO] [stdout] 
[INFO] [stdout] error[E0412]: cannot find type `VirtualKeyCode` in crate `glium::glutin`
[INFO] [stdout]   --> src/main.rs:35:57
[INFO] [stdout]    |
[INFO] [stdout] 35 |     pub fn set_key_state(&mut self, key: glium::glutin::VirtualKeyCode, state: glium::glutin::ElementState) {
[INFO] [stdout]    |                                                         ^^^^^^^^^^^^^^ not found in `glium::glutin`
[INFO] [stdout]    |
[INFO] [stdout] help: consider importing this enum
[INFO] [stdout]    |
[INFO] [stdout] 7  | use glium::glutin::event::VirtualKeyCode;
[INFO] [stdout]    |
[INFO] [stdout] 
[INFO] [stdout] 
[INFO] [stdout] error[E0433]: failed to resolve: could not find `Event` in `glutin`
[INFO] [stdout]    --> src/main.rs:298:36
[INFO] [stdout]     |
[INFO] [stdout] 298 |                     glium::glutin::Event::Resized(x,y) => { //the window was resized
[INFO] [stdout]     |                                    ^^^^^ could not find `Event` in `glutin`
[INFO] [stdout] 
[INFO] [stdout] 
[INFO] [stdout] error[E0433]: failed to resolve: could not find `Event` in `glutin`
[INFO] [stdout]    --> src/main.rs:309:36
[INFO] [stdout]     |
[INFO] [stdout] 309 |                     glium::glutin::Event::MouseMoved(coords) => { //the mouse was moved on the window
[INFO] [stdout]     |                                    ^^^^^ could not find `Event` in `glutin`
[INFO] [stdout] 
[INFO] [stdout] 
[INFO] [stdout] error[E0433]: failed to resolve: could not find `Event` in `glutin`
[INFO] [stdout]    --> src/main.rs:321:36
[INFO] [stdout]     |
[INFO] [stdout] 321 |                     glium::glutin::Event::Closed => return,   // the window has been closed by the user
[INFO] [stdout]     |                                    ^^^^^ could not find `Event` in `glutin`
[INFO] [stdout] 
[INFO] [stdout] 
[INFO] [stdout] error[E0433]: failed to resolve: could not find `Event` in `glutin`
[INFO] [stdout]    --> src/main.rs:322:36
[INFO] [stdout]     |
[INFO] [stdout] 322 |                     glium::glutin::Event::Focused(is_focused) => { // the window gained or lost focus
[INFO] [stdout]     |                                    ^^^^^ could not find `Event` in `glutin`
[INFO] [stdout] 
[INFO] [stdout] 
[INFO] [stdout] error[E0412]: cannot find type `ElementState` in crate `glium::glutin`
[INFO] [stdout]   --> src/main.rs:35:95
[INFO] [stdout]    |
[INFO] [stdout] 35 |     pub fn set_key_state(&mut self, key: glium::glutin::VirtualKeyCode, state: glium::glutin::ElementState) {
[INFO] [stdout]    |                                                                                               ^^^^^^^^^^^^ not found in `glium::glutin`
[INFO] [stdout]    |
[INFO] [stdout] help: consider importing this enum
[INFO] [stdout]    |
[INFO] [stdout] 7  | use glium::glutin::event::ElementState;
[INFO] [stdout]    |
[INFO] [stdout] 
[INFO] [stdout] 
[INFO] [stdout] error[E0433]: failed to resolve: could not find `CursorState` in `glutin`
[INFO] [stdout]    --> src/main.rs:325:74
[INFO] [stdout]     |
[INFO] [stdout] 325 | ...                   match window.set_cursor_state(glium::glutin::CursorState::Grab){
[INFO] [stdout]     |                                                                    ^^^^^^^^^^^ could not find `CursorState` in `glutin`
[INFO] [stdout] 
[INFO] [stdout] 
[INFO] [stdout] error[E0425]: cannot find function `get_primary_monitor` in crate `glium::glutin`
[INFO] [stdout]   --> src/main.rs:74:51
[INFO] [stdout]    |
[INFO] [stdout] 74 |     let screen_size : (u32, u32) = glium::glutin::get_primary_monitor().get_dimensions();
[INFO] [stdout]    |                                                   ^^^^^^^^^^^^^^^^^^^ not found in `glium::glutin`
[INFO] [stdout] 
[INFO] [stdout] 
[INFO] [stdout] error[E0433]: failed to resolve: could not find `CursorState` in `glutin`
[INFO] [stdout]    --> src/main.rs:331:74
[INFO] [stdout]     |
[INFO] [stdout] 331 | ...                   match window.set_cursor_state(glium::glutin::CursorState::Normal){
[INFO] [stdout]     |                                                                    ^^^^^^^^^^^ could not find `CursorState` in `glutin`
[INFO] [stdout] 
[INFO] [stdout] 
[INFO] [stdout] error[E0433]: failed to resolve: could not find `Event` in `glutin`
[INFO] [stdout]    --> src/main.rs:337:36
[INFO] [stdout]     |
[INFO] [stdout] 337 |                     glium::glutin::Event::KeyboardInput(state, _, key) => { // a key has been pressed or released
[INFO] [stdout]     |                                    ^^^^^ could not find `Event` in `glutin`
[INFO] [stdout] 
[INFO] [stdout] 
[INFO] [stdout] error[E0433]: failed to resolve: could not find `WindowBuilder` in `glutin`
[INFO] [stdout]   --> src/main.rs:76:43
[INFO] [stdout]    |
[INFO] [stdout] 76 |         let facade = match glium::glutin::WindowBuilder::new()
[INFO] [stdout]    |                                           ^^^^^^^^^^^^^ not found in `glium::glutin`
[INFO] [stdout]    |
[INFO] [stdout] help: consider importing this struct
[INFO] [stdout]    |
[INFO] [stdout] 7  | use glium::glutin::window::WindowBuilder;
[INFO] [stdout]    |
[INFO] [stdout] 
[INFO] [stdout] 
[INFO] [stdout] error[E0433]: failed to resolve: could not find `VirtualKeyCode` in `glutin`
[INFO] [stdout]    --> src/main.rs:364:47
[INFO] [stdout]     |
[INFO] [stdout] 364 |         match keys.is_key_down(glium::glutin::VirtualKeyCode::Up) {
[INFO] [stdout]     |                                               ^^^^^^^^^^^^^^ could not find `VirtualKeyCode` in `glutin`
[INFO] [stdout] 
[INFO] [stdout] 
[INFO] [stdout] error[E0433]: failed to resolve: could not find `WindowBuilder` in `glutin`
[INFO] [stdout]   --> src/main.rs:91:43
[INFO] [stdout]    |
[INFO] [stdout] 91 |         let facade = match glium::glutin::WindowBuilder::new()
[INFO] [stdout]    |                                           ^^^^^^^^^^^^^ not found in `glium::glutin`
[INFO] [stdout]    |
[INFO] [stdout] help: consider importing this struct
[INFO] [stdout]    |
[INFO] [stdout] 7  | use glium::glutin::window::WindowBuilder;
[INFO] [stdout]    |
[INFO] [stdout] 
[INFO] [stdout] 
[INFO] [stdout] error[E0433]: failed to resolve: could not find `ElementState` in `glutin`
[INFO] [stdout]    --> src/main.rs:365:28
[INFO] [stdout]     |
[INFO] [stdout] 365 |             glium::glutin::ElementState::Pressed => color.0 = 1.0,
[INFO] [stdout]     |                            ^^^^^^^^^^^^ could not find `ElementState` in `glutin`
[INFO] [stdout] 
[INFO] [stdout] 
[INFO] [stdout] error[E0433]: failed to resolve: could not find `VirtualKeyCode` in `glutin`
[INFO] [stdout]    --> src/main.rs:368:47
[INFO] [stdout]     |
[INFO] [stdout] 368 |         match keys.is_key_down(glium::glutin::VirtualKeyCode::Down) {
[INFO] [stdout]     |                                               ^^^^^^^^^^^^^^ could not find `VirtualKeyCode` in `glutin`
[INFO] [stdout] 
[INFO] [stdout] 
[INFO] [stdout] error[E0433]: failed to resolve: could not find `ElementState` in `glutin`
[INFO] [stdout]    --> src/main.rs:369:28
[INFO] [stdout]     |
[INFO] [stdout] 369 |             glium::glutin::ElementState::Pressed => color.1 = 1.0,
[INFO] [stdout]     |                            ^^^^^^^^^^^^ could not find `ElementState` in `glutin`
[INFO] [stdout] 
[INFO] [stdout] 
[INFO] [stdout] error[E0433]: failed to resolve: could not find `VirtualKeyCode` in `glutin`
[INFO] [stdout]    --> src/main.rs:372:47
[INFO] [stdout]     |
[INFO] [stdout] 372 |         match keys.is_key_down(glium::glutin::VirtualKeyCode::Left) {
[INFO] [stdout]     |                                               ^^^^^^^^^^^^^^ could not find `VirtualKeyCode` in `glutin`
[INFO] [stdout] 
[INFO] [stdout] 
[INFO] [stdout] error[E0433]: failed to resolve: could not find `ElementState` in `glutin`
[INFO] [stdout]    --> src/main.rs:373:28
[INFO] [stdout]     |
[INFO] [stdout] 373 |             glium::glutin::ElementState::Pressed => color.2 = 1.0,
[INFO] [stdout]     |                            ^^^^^^^^^^^^ could not find `ElementState` in `glutin`
[INFO] [stdout] 
[INFO] [stdout] 
[INFO] [stdout] warning: unnecessary parentheses around method argument
[INFO] [stdout]    --> src/main.rs:102:24
[INFO] [stdout]     |
[INFO] [stdout] 102 | ...   }.set_position(((screen_size.0 as i32 - window_dimensions.0 as i32) / 2), ((screen_size.1 as i32 - window_dimensions.1 as i32) / 2));
[INFO] [stdout]     |                      ^^^^^^^^^^^^^^^^^^^^^^^^^^^^^^^^^^^^^^^^^^^^^^^^^^^^^^^^^ help: remove these parentheses
[INFO] [stdout]     |
[INFO] [stdout]     = note: `#[warn(unused_parens)]` on by default
[INFO] [stdout] 
[INFO] [stdout] 
[INFO] [stdout] warning: unnecessary parentheses around method argument
[INFO] [stdout]    --> src/main.rs:102:83
[INFO] [stdout]     |
[INFO] [stdout] 102 | ...nsions.0 as i32) / 2), ((screen_size.1 as i32 - window_dimensions.1 as i32) / 2));
[INFO] [stdout]     |                           ^^^^^^^^^^^^^^^^^^^^^^^^^^^^^^^^^^^^^^^^^^^^^^^^^^^^^^^^^ help: remove these parentheses
[INFO] [stdout] 
[INFO] [stdout] 
[INFO] [stdout] error[E0412]: cannot find type `VirtualKeyCode` in crate `glium::glutin`
[INFO] [stdout]   --> src/main.rs:18:34
[INFO] [stdout]    |
[INFO] [stdout] 18 |     keys: HashMap<glium::glutin::VirtualKeyCode, glium::glutin::ElementState>,
[INFO] [stdout]    |                                  ^^^^^^^^^^^^^^ not found in `glium::glutin`
[INFO] [stdout]    |
[INFO] [stdout] help: consider importing this enum
[INFO] [stdout]    |
[INFO] [stdout] 7  | use glium::glutin::event::VirtualKeyCode;
[INFO] [stdout]    |
[INFO] [stdout] 
[INFO] [stdout] 
[INFO] [stdout] error[E0412]: cannot find type `ElementState` in crate `glium::glutin`
[INFO] [stdout]   --> src/main.rs:18:65
[INFO] [stdout]    |
[INFO] [stdout] 18 |     keys: HashMap<glium::glutin::VirtualKeyCode, glium::glutin::ElementState>,
[INFO] [stdout]    |                                                                 ^^^^^^^^^^^^ not found in `glium::glutin`
[INFO] [stdout]    |
[INFO] [stdout] help: consider importing this enum
[INFO] [stdout]    |
[INFO] [stdout] 7  | use glium::glutin::event::ElementState;
[INFO] [stdout]    |
[INFO] [stdout] 
[INFO] [stdout] 
[INFO] [stdout] error[E0412]: cannot find type `VirtualKeyCode` in crate `glium::glutin`
[INFO] [stdout]   --> src/main.rs:28:51
[INFO] [stdout]    |
[INFO] [stdout] 28 |     pub fn is_key_down(&self, key: glium::glutin::VirtualKeyCode) -> glium::glutin::ElementState {
[INFO] [stdout]    |                                                   ^^^^^^^^^^^^^^ not found in `glium::glutin`
[INFO] [stdout]    |
[INFO] [stdout] help: consider importing this enum
[INFO] [stdout]    |
[INFO] [stdout] 7  | use glium::glutin::event::VirtualKeyCode;
[INFO] [stdout]    |
[INFO] [stdout] 
[INFO] [stdout] 
[INFO] [stdout] error[E0412]: cannot find type `ElementState` in crate `glium::glutin`
[INFO] [stdout]   --> src/main.rs:28:85
[INFO] [stdout]    |
[INFO] [stdout] 28 |     pub fn is_key_down(&self, key: glium::glutin::VirtualKeyCode) -> glium::glutin::ElementState {
[INFO] [stdout]    |                                                                                     ^^^^^^^^^^^^ not found in `glium::glutin`
[INFO] [stdout]    |
[INFO] [stdout] help: consider importing this enum
[INFO] [stdout]    |
[INFO] [stdout] 7  | use glium::glutin::event::ElementState;
[INFO] [stdout]    |
[INFO] [stdout] 
[INFO] [stdout] 
[INFO] [stdout] error[E0412]: cannot find type `VirtualKeyCode` in crate `glium::glutin`
[INFO] [stdout]   --> src/main.rs:35:57
[INFO] [stdout]    |
[INFO] [stdout] 35 |     pub fn set_key_state(&mut self, key: glium::glutin::VirtualKeyCode, state: glium::glutin::ElementState) {
[INFO] [stdout]    |                                                         ^^^^^^^^^^^^^^ not found in `glium::glutin`
[INFO] [stdout]    |
[INFO] [stdout] help: consider importing this enum
[INFO] [stdout]    |
[INFO] [stdout] 7  | use glium::glutin::event::VirtualKeyCode;
[INFO] [stdout]    |
[INFO] [stdout] 
[INFO] [stdout] 
[INFO] [stdout] error[E0412]: cannot find type `ElementState` in crate `glium::glutin`
[INFO] [stdout]   --> src/main.rs:35:95
[INFO] [stdout]    |
[INFO] [stdout] 35 |     pub fn set_key_state(&mut self, key: glium::glutin::VirtualKeyCode, state: glium::glutin::ElementState) {
[INFO] [stdout]    |                                                                                               ^^^^^^^^^^^^ not found in `glium::glutin`
[INFO] [stdout]    |
[INFO] [stdout] help: consider importing this enum
[INFO] [stdout]    |
[INFO] [stdout] 7  | use glium::glutin::event::ElementState;
[INFO] [stdout]    |
[INFO] [stdout] 
[INFO] [stdout] 
[INFO] [stdout] error[E0425]: cannot find function `get_primary_monitor` in crate `glium::glutin`
[INFO] [stdout]   --> src/main.rs:74:51
[INFO] [stdout]    |
[INFO] [stdout] 74 |     let screen_size : (u32, u32) = glium::glutin::get_primary_monitor().get_dimensions();
[INFO] [stdout]    |                                                   ^^^^^^^^^^^^^^^^^^^ not found in `glium::glutin`
[INFO] [stdout] 
[INFO] [stdout] 
[INFO] [stdout] error[E0433]: failed to resolve: could not find `WindowBuilder` in `glutin`
[INFO] [stdout]   --> src/main.rs:76:43
[INFO] [stdout]    |
[INFO] [stdout] 76 |         let facade = match glium::glutin::WindowBuilder::new()
[INFO] [stdout]    |                                           ^^^^^^^^^^^^^ not found in `glium::glutin`
[INFO] [stdout]    |
[INFO] [stdout] help: consider importing this struct
[INFO] [stdout]    |
[INFO] [stdout] 7  | use glium::glutin::window::WindowBuilder;
[INFO] [stdout]    |
[INFO] [stdout] 
[INFO] [stdout] 
[INFO] [stdout] error[E0433]: failed to resolve: could not find `WindowBuilder` in `glutin`
[INFO] [stdout]   --> src/main.rs:91:43
[INFO] [stdout]    |
[INFO] [stdout] 91 |         let facade = match glium::glutin::WindowBuilder::new()
[INFO] [stdout]    |                                           ^^^^^^^^^^^^^ not found in `glium::glutin`
[INFO] [stdout]    |
[INFO] [stdout] help: consider importing this struct
[INFO] [stdout]    |
[INFO] [stdout] 7  | use glium::glutin::window::WindowBuilder;
[INFO] [stdout]    |
[INFO] [stdout] 
[INFO] [stdout] 
[INFO] [stdout] warning: unnecessary parentheses around method argument
[INFO] [stdout]    --> src/main.rs:102:24
[INFO] [stdout]     |
[INFO] [stdout] 102 | ...   }.set_position(((screen_size.0 as i32 - window_dimensions.0 as i32) / 2), ((screen_size.1 as i32 - window_dimensions.1 as i32) / 2));
[INFO] [stdout]     |                      ^^^^^^^^^^^^^^^^^^^^^^^^^^^^^^^^^^^^^^^^^^^^^^^^^^^^^^^^^ help: remove these parentheses
[INFO] [stdout]     |
[INFO] [stdout]     = note: `#[warn(unused_parens)]` on by default
[INFO] [stdout] 
[INFO] [stdout] 
[INFO] [stdout] warning: unnecessary parentheses around method argument
[INFO] [stdout]    --> src/main.rs:102:83
[INFO] [stdout]     |
[INFO] [stdout] 102 | ...nsions.0 as i32) / 2), ((screen_size.1 as i32 - window_dimensions.1 as i32) / 2));
[INFO] [stdout]     |                           ^^^^^^^^^^^^^^^^^^^^^^^^^^^^^^^^^^^^^^^^^^^^^^^^^^^^^^^^^ help: remove these parentheses
[INFO] [stdout] 
[INFO] [stdout] 
[INFO] [stdout] warning: use of deprecated function `time::precise_time_s`: Use `OffsetDateTime::now() - OffsetDateTime::unix_epoch()` to get a `Duration` since a known epoch.
[INFO] [stdout]    --> src/main.rs:282:25
[INFO] [stdout]     |
[INFO] [stdout] 282 |     let mut last_time = time::precise_time_s();
[INFO] [stdout]     |                         ^^^^^^^^^^^^^^^^^^^^
[INFO] [stdout]     |
[INFO] [stdout]     = note: `#[warn(deprecated)]` on by default
[INFO] [stdout] 
[INFO] [stdout] 
[INFO] [stdout] warning: use of deprecated function `time::precise_time_s`: Use `OffsetDateTime::now() - OffsetDateTime::unix_epoch()` to get a `Duration` since a known epoch.
[INFO] [stdout]    --> src/main.rs:291:19
[INFO] [stdout]     |
[INFO] [stdout] 291 |         let now = time::precise_time_s();
[INFO] [stdout]     |                   ^^^^^^^^^^^^^^^^^^^^
[INFO] [stdout] 
[INFO] [stdout] 
[INFO] [stdout] warning: use of deprecated function `time::precise_time_s`: Use `OffsetDateTime::now() - OffsetDateTime::unix_epoch()` to get a `Duration` since a known epoch.
[INFO] [stdout]    --> src/main.rs:282:25
[INFO] [stdout]     |
[INFO] [stdout] 282 |     let mut last_time = time::precise_time_s();
[INFO] [stdout]     |                         ^^^^^^^^^^^^^^^^^^^^
[INFO] [stdout]     |
[INFO] [stdout]     = note: `#[warn(deprecated)]` on by default
[INFO] [stdout] 
[INFO] [stdout] 
[INFO] [stdout] warning: use of deprecated function `time::precise_time_s`: Use `OffsetDateTime::now() - OffsetDateTime::unix_epoch()` to get a `Duration` since a known epoch.
[INFO] [stdout]    --> src/main.rs:291:19
[INFO] [stdout]     |
[INFO] [stdout] 291 |         let now = time::precise_time_s();
[INFO] [stdout]     |                   ^^^^^^^^^^^^^^^^^^^^
[INFO] [stdout] 
[INFO] [stdout] 
[INFO] [stdout] error[E0282]: type annotations needed
[INFO] [stdout]   --> src/main.rs:24:19
[INFO] [stdout]    |
[INFO] [stdout] 24 |             keys: HashMap::new(),
[INFO] [stdout]    |                   ^^^^^^^^^^^^ cannot infer type for type parameter `K`
[INFO] [stdout] 
[INFO] [stdout] 
[INFO] [stdout] error[E0282]: type annotations needed
[INFO] [stdout]   --> src/main.rs:24:19
[INFO] [stdout]    |
[INFO] [stdout] 24 |             keys: HashMap::new(),
[INFO] [stdout]    |                   ^^^^^^^^^^^^ cannot infer type for type parameter `K`
[INFO] [stdout] 
[INFO] [stdout] 
[INFO] [stdout] error[E0023]: this pattern has 1 field, but the corresponding tuple variant has 2 fields
[INFO] [stdout]    --> src/main.rs:175:13
[INFO] [stdout]     |
[INFO] [stdout] 175 |             glium::program::ProgramCreationError::CompilationError(string) => panic!("CompliationError: {}", string),
[INFO] [stdout]     |             ^^^^^^^^^^^^^^^^^^^^^^^^^^^^^^^^^^^^^^^^^^^^^^^^^^^^^^^^^^^^^^ expected 2 fields, found 1
[INFO] [stdout]     | 
[INFO] [stdout]    ::: /opt/rustwide/cargo-home/registry/src/github.com-1ecc6299db9ec823/glium-0.27.0/src/program/mod.rs:115:5
[INFO] [stdout]     |
[INFO] [stdout] 115 |     CompilationError(String, ShaderType),
[INFO] [stdout]     |     ------------------------------------ tuple variant defined here
[INFO] [stdout] 
[INFO] [stdout] 
[INFO] [stdout] error[E0023]: this pattern has 1 field, but the corresponding tuple variant has 2 fields
[INFO] [stdout]    --> src/main.rs:175:13
[INFO] [stdout]     |
[INFO] [stdout] 175 |             glium::program::ProgramCreationError::CompilationError(string) => panic!("CompliationError: {}", string),
[INFO] [stdout]     |             ^^^^^^^^^^^^^^^^^^^^^^^^^^^^^^^^^^^^^^^^^^^^^^^^^^^^^^^^^^^^^^ expected 2 fields, found 1
[INFO] [stdout]     | 
[INFO] [stdout]    ::: /opt/rustwide/cargo-home/registry/src/github.com-1ecc6299db9ec823/glium-0.27.0/src/program/mod.rs:115:5
[INFO] [stdout]     |
[INFO] [stdout] 115 |     CompilationError(String, ShaderType),
[INFO] [stdout]     |     ------------------------------------ tuple variant defined here
[INFO] [stdout] 
[INFO] [stdout] 
[INFO] [stderr] error: could not compile `voxel`.
[INFO] [stdout] error: aborting due to 28 previous errors; 4 warnings emitted
[INFO] [stdout] 
[INFO] [stdout] 
[INFO] [stderr] 
[INFO] [stdout] error: aborting due to 28 previous errors; 4 warnings emitted
[INFO] [stdout] 
[INFO] [stdout] 
[INFO] [stderr] To learn more, run the command again with --verbose.
[INFO] [stdout] Some errors have detailed explanations: E0023, E0282, E0412, E0425, E0432, E0433.
[INFO] [stdout] 
[INFO] [stderr] warning: build failed, waiting for other jobs to finish...
[INFO] [stdout] For more information about an error, try `rustc --explain E0023`.
[INFO] [stdout] 
[INFO] [stdout] Some errors have detailed explanations: E0023, E0282, E0412, E0425, E0432, E0433.
[INFO] [stdout] 
[INFO] [stdout] For more information about an error, try `rustc --explain E0023`.
[INFO] [stdout] 
[INFO] [stderr] error: build failed
[INFO] running `Command { std: "docker" "inspect" "fc1a5b218d61e4b2583a1a40f141bf55c3841085c2b9d0f1d1217f59adbb2b7d", kill_on_drop: false }`
[INFO] running `Command { std: "docker" "rm" "-f" "fc1a5b218d61e4b2583a1a40f141bf55c3841085c2b9d0f1d1217f59adbb2b7d", kill_on_drop: false }`
[INFO] [stdout] fc1a5b218d61e4b2583a1a40f141bf55c3841085c2b9d0f1d1217f59adbb2b7d
